e remainder when 5576 is divided by 292?
28
Calculate the remainder when 1966 is divided by 152.
142
Calculate the remainder when 319179 is divided by 157.
155
What is the remainder when 2310497 is divided by 18?
17
What is the remainder when 167298 is divided by 956?
954
Calculate the remainder when 882997 is divided by 250.
247
What is the remainder when 2517765 is divided by 24?
21
Calculate the remainder when 96093 is divided by 132.
129
What is the remainder when 4616 is divided by 560?
136
What is the remainder when 7789 is divided by 338?
15
Calculate the remainder when 116156 is divided by 179.
164
Calculate the remainder when 2734 is divided by 891.
61
Calculate the remainder when 225182 is divided by 56284.
46
What is the remainder when 81304 is divided by 321?
91
Calculate the remainder when 2078 is divided by 215.
143
Calculate the remainder when 20573 is divided by 263.
59
What is the remainder when 7745 is divided by 23?
17
What is the remainder when 10851 is divided by 18?
15
Calculate the remainder when 302528 is divided by 52.
44
Calculate the remainder when 2563 is divided by 825.
88
What is the remainder when 173188 is divided by 345?
343
What is the remainder when 403539 is divided by 94?
91
Calculate the remainder when 2091 is divided by 168.
75
Calculate the remainder when 5525 is divided by 18.
17
What is the remainder when 32074 is divided by 63?
7
Calculate the remainder when 3576 is divided by 1909.
1667
Calculate the remainder when 26850 is divided by 2980.
30
Calculate the remainder when 62422 is divided by 3898.
54
What is the remainder when 2680 is divided by 677?
649
Calculate the remainder when 36889 is divided by 7329.
244
What is the remainder when 4206 is divided by 120?
6
Calculate the remainder when 13485 is divided by 41.
37
What is the remainder when 280491 is divided by 140244?
3
Calculate the remainder when 963699 is divided by 37.
34
Calculate the remainder when 9799 is divided by 258.
253
Calculate the remainder when 10941 is divided by 5358.
225
Calculate the remainder when 45245 is divided by 45237.
8
Calculate the remainder when 537945 is divided by 306.
303
What is the remainder when 1105 is divided by 222?
217
What is the remainder when 3960 is divided by 1290?
90
What is the remainder when 167541 is divided by 26?
23
Calculate the remainder when 4820 is divided by 299.
36
Calculate the remainder when 83962 is divided by 21.
4
What is the remainder when 4332 is divided by 917?
664
Calculate the remainder when 588358 is divided by 120.
118
Calculate the remainder when 34647 is divided by 61.
60
What is the remainder when 187502 is divided by 58?
46
Calculate the remainder when 16184 is divided by 31.
2
What is the remainder when 43920 is divided by 1565?
100
Calculate the remainder when 42188 is divided by 123.
122
Calculate the remainder when 10689 is divided by 890.
9
Calculate the remainder when 14846 is divided by 4948.
2
What is the remainder when 392 is divided by 375?
17
Calculate the remainder when 7592 is divided by 49.
46
What is the remainder when 2087 is divided by 694?
5
What is the remainder when 7818 is divided by 610?
498
Calculate the remainder when 479 is divided by 152.
23
What is the remainder when 454 is divided by 181?
92
Calculate the remainder when 54087 is divided by 1127.
1118
What is the remainder when 4847834 is divided by 237?
236
Calculate the remainder when 104555 is divided by 1515.
20
Calculate the remainder when 64631 is divided by 8.
7
Calculate the remainder when 1505 is divided by 384.
353
Calculate the remainder when 233 is divided by 54.
17
What is the remainder when 81733 is divided by 27244?
1
What is the remainder when 2940 is divided by 713?
88
What is the remainder when 11964 is divided by 224?
92
What is the remainder when 1506875 is divided by 14?
13
Calculate the remainder when 2221 is divided by 713.
82
What is the remainder when 31088 is divided by 33?
2
Calculate the remainder when 395678 is divided by 654.
8
What is the remainder when 14814 is divided by 821?
36
What is the remainder when 72928 is divided by 349?
336
What is the remainder when 2226 is divided by 464?
370
What is the remainder when 9099 is divided by 284?
11
What is the remainder when 234648 is divided by 247?
245
What is the remainder when 30558 is divided by 645?
243
What is the remainder when 174871 is divided by 87423?
25
What is the remainder when 1784 is divided by 278?
116
Calculate the remainder when 16909 is divided by 226.
185
Calculate the remainder when 308056 is divided by 179.
176
What is the remainder when 1558 is divided by 1538?
20
What is the remainder when 11741 is divided by 195?
41
Calculate the remainder when 8158 is divided by 71.
64
Calculate the remainder when 11427 is divided by 7.
3
Calculate the remainder when 119756 is divided by 14969.
4
Calculate the remainder when 346 is divided by 124.
98
What is the remainder when 4014 is divided by 1962?
90
What is the remainder when 22092 is divided by 34?
26
What is the remainder when 69599 is divided by 47?
39
Calculate the remainder when 1289823 is divided by 539.
535
Calculate the remainder when 261693 is divided by 1195.
1183
Calculate the remainder when 11294 is divided by 11189.
105
What is the remainder when 7547278 is divided by 820?
818
What is the remainder when 2607 is divided by 909?
789
What is the remainder when 7896 is divided by 14?
0
Calculate the remainder when 1800 is divided by 279.
126
Calculate the remainder when 4554 is divided by 3327.
1227
What is the remainder when 3196767 is divided by 19?
17
What is the remainder when 11363 is divided by 1623?
2
What is the remainder when 89817 is divided by 33?
24
Calculate the remainder when 4806 is divided by 229.
226
Calculate the remainder when 16688 is divided by 695.
8
Calculate the remainder when 551440 is divided by 2887.
23
Calculate the remainder when 6734 is divided by 164.
10
What is the remainder when 4101136 is divided by 878?
876
What is the remainder when 1435997 is divided by 287195?
22
What is the remainder when 1258 is divided by 455?
348
Calculate the remainder when 7957 is divided by 42.
19
What is the remainder when 1415583 is divided by 42?
15
Calculate the remainder when 10513 is divided by 210.
13
Calculate the remainder when 57764 is divided by 8.
4
What is the remainder when 61096 is divided by 219?
214
Calculate the remainder when 142590 is divided by 142586.
4
What is the remainder when 44518 is divided by 51?
46
Calculate the remainder when 989795 is divided by 18.
11
What is the remainder when 4484 is divided by 2240?
4
Calculate the remainder when 8640 is divided by 1087.
1031
What is the remainder when 35392 is divided by 11789?
25
Calculate the remainder when 321791 is divided by 48.
47
What is the remainder when 9883 is divided by 2467?
15
Calculate the remainder when 79176 is divided by 535.
531
What is the remainder when 134889 is divided by 235?
234
What is the remainder when 54438 is divided by 49?
48
What is the remainder when 16576 is divided by 161?
154
What is the remainder when 1748 is divided by 65?
58
Calculate the remainder when 6975 is divided by 81.
9
Calculate the remainder when 10679 is divided by 20.
19
What is the remainder when 65861 is divided by 1499?
1404
Calculate the remainder when 71174 is divided by 23723.
5
Calculate the remainder when 224110 is divided by 86.
80
What is the remainder when 2885 is divided by 860?
305
Calculate the remainder when 1790 is divided by 285.
80
What is the remainder when 142786 is divided by 82?
24
What is the remainder when 21490 is divided by 10735?
20
Calculate the remainder when 11771 is divided by 267.
23
Calculate the remainder when 1412 is divided by 129.
122
Calculate the remainder when 21289 is divided by 5202.
481
What is the remainder when 926514 is divided by 61767?
9
Calculate the remainder when 157896 is divided by 52629.
9
What is the remainder when 4172 is divided by 1619?
934
Calculate the remainder when 2033 is divided by 591.
260
What is the remainder when 4921 is divided by 501?
412
What is the remainder when 191355 is divided by 1196?
1191
Calculate the remainder when 14405 is divided by 4800.
5
Calculate the remainder when 341530 is di